factors of d?
2
Suppose 3*m = -4*w - 1 - 0, -2*w = -3*m - 13. List the prime factors of ((-19)/m)/((-2)/(-6)).
19
Let m = 20 - 7. List the prime factors of m.
13
Let c be (-12)/8*68/(-3). Let i be (10/6)/((-2)/(-6)). Suppose c = i*a - 26. List the prime factors of a.
2, 3
Suppose -16*x = -13*x - 330. List the prime factors of x.
2, 5, 11
List the prime factors of 7*(10 + 3 + -6).
7
Suppose j - s - 116 = 0, 5 - 1 = -2*s. Suppose -j = -5*h + 141. List the prime factors of h.
3, 17
Let f(u) = -u. Let v be f(-2). Suppose 18 = 4*o + 5*c - 8, 5*c = -v*o + 18. Suppose 0*i - a = -o*i + 47, 0 = -5*i + 3*a + 50. What are the prime factors of i?
13
Let j(u) = u + 2. Let s be j(0). Suppose s*i - 216 = -4*i. What are the prime factors of i?
2, 3
Let w(a) = -2*a**2 - a - 1. Let k be w(-1). List the prime factors of 11 + 3 - k - 1.
3, 5
Suppose 3*f = -0*f - 2*i + 115, -5*f = 4*i - 193. Let c = f - 14. List the prime factors of c.
23
List the prime factors of 6/(-9)*-6*23.
2, 23
Let l = -60 - -38. Let g = l - -33. List the prime factors of g.
11
Let q = -10 - -86. Suppose -2*p + 2*c = -106, 5*p = -3*c + 165 + q. List the prime factors of p.
2, 5
Suppose 7*p - 2*p = -5, 0 = -3*m - 2*p - 35. Let u = -7 - m. List the prime factors of u.
2
Let u(f) = -6 + f**2 + 2 + 6*f + 1. Let v be u(-7). Suppose 5*w + 19 = 4*o, -2*o - v*w - 4 + 46 = 0. What are the prime factors of o?
11
Let v = -48 - -114. List the prime factors of v.
2, 3, 11
List the prime factors of 2/((-4)/(-248)*2).
2, 31
Suppose 3*s - 227 = 97. What are the prime factors of s?
2, 3
Let v = 59 + -99. Let z = v - -80. What are the prime factors of z?
2, 5
Let u(c) = -14*c + 1. Let g be u(-4). Suppose 0 = 5*a - 38 - g. List the prime factors of a.
19
Suppose -k + 3*l + 680 = 3*k, 513 = 3*k - 3*l. What are the prime factors of k?
167
Suppose -48 - 66 = 3*q. Let j(z) = 6*z + 3. Let l be j(-5). Let d = l - q. List the prime factors of d.
11
Let g(d) = d**3 - 2*d**2 - d - 2. Let p(y) = y**2 + 5*y + 5. Let h be p(-5). Let u = 8 - h. List the prime factors of g(u).
2
Suppose -9*l + 959 = -1687. What are the prime factors of l?
2, 3, 7
Let n(v) be the second derivative of -v**3/6 + v**2 + 2*v. What are the prime factors of n(-7)?
3
Suppose 3*x + 81 = v, -4*x + 60 = -2*v + 3*v. List the prime factors of v.
2, 3
Suppose 13 = 2*o - 5*t, -4*o - 2*t - 6 = 4. Let j be o/4 + (-83)/4. List the prime factors of (-111)/(-21) + 6/j.
5
Suppose -5*v - 17 = -4*r, 23 = r - 4*v - v. Let f(n) = -10*n + 17. Let j(p) = 3*p - 6. Let a(y) = 4*f(y) + 11*j(y). List the prime factors of a(r).
2
Let m(n) = -7*n - 17. Suppose -3*k - 6 = -2*k. Let f(y) = y + 1. Let c(p) = k*f(p) - m(p). What are the prime factors of c(-8)?
3
Suppose -4*j + 5*l - 21 = 0, 2*j + 6 = 3*l - 3. Let k(p) = p**3 + 11*p**2 + 14*p + 11. List the prime factors of k(j).
47
Let n be (-9)/3 - -2 - -5. Suppose -3*l + n*l = 19. What are the prime factors of l?
19
Let n(g) = 3*g - 3. Let l be n(2). List the prime factors of ((-1)/l + 0)*-66.
2, 11
Suppose -3*m + 5*b = -77, -2*m + 2*b - 4*b = -30. What are the prime factors of m?
19
Suppose 3*z - 246 = -9. List the prime factors of z.
79
Suppose -5*j - 191 = -3*x, 4 = j + 2. List the prime factors of x.
67
Let x = -11 - -5. Suppose 3*h + 340 = -2*h. What are the prime factors of 6/9 + h/x?
2, 3
Let w(r) = -r**2 - 2*r + 2. Let y be w(-4). Let z = y + 14. List the prime factors of z.
2
Let x(u) = 33*u - 68. List the prime factors of x(8).
2, 7
Suppose -6 = -5*k - 5*g + 34, k + 2*g = 7. What are the prime factors of k?
3
Suppose 0 = -5*r - 5*v + 220, v + 17 + 59 = 2*r. List the prime factors of r.
2, 5
Suppose 70 = 5*q - 3*l, -88 = -4*q - 3*l - l. List the prime factors of q.
17
Let j(f) = f**3 - 9*f**2 + 10*f - 7. Let p = 21 + -13. List the prime factors of j(p).
3
Let s = -77 - -54. Let d = -13 - s. List the prime factors of d.
2, 5
Suppose 0 = -26*l + 30*l - 920. What are the prime factors of l?
2, 5, 23
Let q = 32 + -20. Suppose -6 = -3*c + q. What are the prime factors of ((-60)/21)/(c/(-21))?
2, 5
Let q(j) = j + 6 - 2*j**2 + j + 4*j. Let w be q(5). List the prime factors of 44/6 + w/(-21).
2
Suppose 5*x + 23 = -i - 9, -49 = 2*i + 5*x. What are the prime factors of i/(-1)*(0 - -1)?
17
Suppose w = -p + 57, 2*w - 4*w - 8 = 0. List the prime factors of p.
61
Let n(y) = -y**2 + 11*y - 13. Let x(z) = -z. Let w be x(-9). List the prime factors of n(w).
5
Let l(a) = 17*a**2 - 2*a - 3. Let r be l(-1). Let c = 2 - 6. Let i = r + c. What are the prime factors of i?
2, 3
Let j = 8 - 4. Suppose 9*w = j*w + 15. List the prime factors of w.
3
Let n be ((-7)/14)/((-2)/(-16)). Let p = n + 4. Suppose 4*s + 0*s - 12 = p. What are the prime factors of s?
3
Suppose -4*w - l - 26 = -3*w, -5*w + 5*l - 180 = 0. Let d = 45 + w. List the prime factors of d.
2, 7
Let b = -73 + 121. Suppose 6*h + 3*c - b = 4*h, 80 = 2*h - 5*c. What are the prime factors of h?
2, 3, 5
Let n = 6 - 4. Suppose 4*i + 4 + 0 = 0. List the prime factors of n + (-24)/(3*i).
2, 5
Let i(n) = n**2 - n + 1. Let k be i(0). What are the prime factors of 2/((-6)/(-45)) + k?
2
Suppose 3 - 101 = -2*s. What are the prime factors of s?
7
What are the prime factors of 28/(-2)*6/(-21) - -256?
2, 5, 13
Let l(d) = -d**2 + 4*d + 7. Let y be l(5). Suppose -y*x = -2*i - 8, 5*x - 14 = 5*i - 3*i. List the prime factors of x.
2
Let g(m) = -7*m**3. Let z be g(-1). Suppose -8 - z = -w + 5*d, w + 4*d = 42. Suppose 2*x = -3*x + w. What are the prime factors of x?
2, 3
Suppose 9*z = 4*z - 5. List the prime factors of (-3*11)/(-3) + z.
2, 5
Let q(k) = -13*k - 1. Let f(y) = 4*y - 3. Let x be f(2). Suppose 0 = 5*p - 0 + x. What are the prime factors of q(p)?
2, 3
Let l be ((-2)/(-6))/(9/729). Suppose -3*d - 5*f + 24 = -29, 3*f + l = d. List the prime factors of d.
3, 7
Suppose 2*f + 2*f - 16 = 0. Suppose -2*u - 5*h + 54 = 0, -3*h = -f*u - h + 60. What are the prime factors of u?
17
What are the prime factors of (12/(-7))/((-2)/21)?
2, 3
Suppose -2*q + c + 178 + 50 = 0, -3*q + 349 = 2*c. List the prime factors of q.
5, 23
Let q = -9 + 12. Suppose -q*j + 0 = -15. What are the prime factors of j?
5
Suppose 5*y - 5 = 4*m, 0 = m - 4*m - 5*y + 40. Suppose m*p = p + 24. List the prime factors of p.
2, 3
Let g = -5 - -71. What are the prime factors of g/5 + 2/(-10)?
13
Suppose 22*y - 26*y + 176 = 0. What are the prime factors of y?
2, 11
Suppose -6*p - 60 = -b - 3*p, -5*b - 3*p = -300. What are the prime factors of b?
2, 3, 5
Suppose -3*u + 473 = 3*r - 451, 5*u - r - 1552 = 0. What are the prime factors of u?
2, 5, 31
Let g be 23/1 + (-1 - -3). Suppose -3*r + 32 = -g. Let c = -13 + r. What are the prime factors of c?
2, 3
Let c = -12 + 16. What are the prime factors of c?
2
Suppose 1660 = -0*s + 4*s - 4*w, 0 = 3*w + 12. List the prime factors of s.
3, 137
Let h(q) = q**3 - 6*q**2 - 5*q + 8. What are the prime factors of h(7)?
2, 11
Suppose -y = 5*d - 3*y - 685, -5*d = -y - 680. What are the prime factors of d?
3, 5
Let z = -12 - -5. Let n(r) = -3*r - 4. List the prime factors of n(z).
17
Let o(g) = -g**2 - g + 47. Let j be (2 - 28/12)*0. List the prime factors of o(j).
47
Let v be ((-10)/(-4))/((-18)/(-36)). Suppose -5*f + 90 = 4*k, -4*f + v*k + 72 = -0*f. List the prime factors of f.
2, 3
What are the prime factors of 3/2*(-3160)/(-30)?
2, 79
Let y = 16 - -43. What are the prime factors of y?
59
Let l be (-12)/18*(0 - 9). List the prime factors of (-3)/l*(-4 - 70).
37
Let k(p) = -4*p + 8. Let r be k(6). Let u = r + 24. Let i(b) = -b**3 + 7*b**2 + 9*b + 1. List the prime factors of i(u).
3
Suppose -3*z = 3*b, -5*b = 2*z - z - 8. Let k be 36/b*3/2. What are the prime factors of 87/k - 4/18?
3
Let k = -406 + 576. What are the prime factors of k?
2, 5, 17
Suppose -8 = p - 2*d, 3*p + 2*d + 32 = -0*d. Let z = 18 + p. Suppose 0 = 3*a + a - z. List the prime factors of a.
2
Suppose -5*b = -b - 612. What are the prime factors of b?
3, 17
Suppose -155 = -0*x - 5*x. List the prime factors of x.
31
Suppose -5*w = 2*c - 1168, 2*c + 33 = w - 203. What are the prime factors of (-70)/(-21)*w/15?
2, 13
What are the prime factors of 2 + 2 - 4*-16?
2, 17
Let i(z) = z**2 + z + 10. Let b(o) = -o**2 - 3*o. Let r be b(-3). List the prime factors of i(r).
2, 5
Let g = -180 - -258. What are the prime factors of g?
2, 3, 13
Suppo